 46906843 composite?
False
Is 7034667 a prime number?
False
Is 1046131121 prime?
False
Is 30234437 a prime number?
True
Is 10140259 a composite number?
False
Is 61847171 a prime number?
True
Is 16929509 prime?
True
Is 21488198 a prime number?
False
Is 14745503 a composite number?
False
Is 27055573 prime?
False
Is 5878083 prime?
False
Is 355297 prime?
True
Is 108650459 prime?
False
Is 1770583 composite?
False
Is 12903763 composite?
False
Is 18130283 prime?
False
Is 111689 prime?
False
Is 7095359 composite?
False
Is 67318337 a prime number?
False
Is 3404903 a composite number?
True
Is 171570097 composite?
False
Is 98912686 a prime number?
False
Is 4980383 composite?
False
Is 22844833 a composite number?
True
Is 345563 prime?
False
Is 16078967 composite?
False
Is 71456917 a prime number?
False
Is 60779009 composite?
False
Is 5704221 prime?
False
Is 3725677 a prime number?
True
Is 12496849 composite?
True
Is 41809 a prime number?
True
Is 260291839 a composite number?
False
Is 110675063 composite?
False
Is 68808961 a composite number?
True
Is 125706557 a prime number?
True
Is 914443 prime?
True
Is 6507853 prime?
False
Is 1232971 prime?
False
Is 8613093 prime?
False
Is 96623269 composite?
False
Is 495435693 composite?
True
Is 110981485 prime?
False
Is 28037201 composite?
False
Is 1935877 a prime number?
False
Is 69270557 a prime number?
True
Is 1332467 a composite number?
False
Is 155633897 composite?
True
Is 6137309 composite?
False
Is 35454643 a prime number?
False
Is 312219257 prime?
False
Is 11666971 a composite number?
False
Is 2504662 composite?
True
Is 7276121 a prime number?
True
Is 118816603 composite?
False
Is 954463 composite?
True
Is 3061957 composite?
True
Is 363904087 prime?
False
Is 1253687 composite?
True
Is 177669611 a prime number?
False
Is 123638773 a prime number?
False
Is 1057361 prime?
True
Is 2009515 prime?
False
Is 4805201 composite?
True
Is 54462913 a prime number?
True
Is 83024413 composite?
True
Is 275757931 composite?
True
Is 55011767 a prime number?
False
Is 27620387 a prime number?
False
Is 9949931 a prime number?
True
Is 1877389 prime?
True
Is 38185691 composite?
False
Is 129170287 a composite number?
False
Is 6271217 composite?
True
Is 2422907 prime?
True
Is 27517907 a composite number?
True
Is 958975123 prime?
True
Is 754517 prime?
False
Is 66838231 a composite number?
False
Is 1567199 a prime number?
False
Is 6828901 prime?
False
Is 307087 a prime number?
False
Is 2268631 a composite number?
False
Is 2805883 composite?
True
Is 510310907 prime?
True
Is 8877247 a composite number?
True
Is 15949813 prime?
False
Is 5269214 a composite number?
True
Is 8226409 a composite number?
False
Is 3890914 prime?
False
Is 346091 composite?
False
Is 11940421 a prime number?
False
Is 86255933 a prime number?
True
Is 12866993 prime?
False
Is 138004507 a composite number?
False
Is 248328889 composite?
False
Is 27269317 a prime number?
True
Is 11016433 prime?
False
Is 111379 a composite number?
True
Is 741365023 a prime number?
False
Is 120445267 prime?
True
Is 166633079 prime?
True
Is 115547051 a composite number?
False
Is 26542766 composite?
True
Is 931811 a composite number?
False
Is 3192933 a prime number?
False
Is 1334657 composite?
True
Is 245640679 composite?
True
Is 42947587 a prime number?
False
Is 68642947 a prime number?
True
Is 22988597 prime?
True
Is 139157081 a composite number?
True
Is 120617041 composite?
True
Is 65891039 prime?
False
Is 2354861 a composite number?
True
Is 1306121 a prime number?
True
Is 16899761 a composite number?
False
Is 6750239 composite?
True
Is 175578541 a composite number?
False
Is 90821077 a prime number?
False
Is 25451599 composite?
False
Is 1096919 composite?
False
Is 5309137 a composite number?
False
Is 15235054 a composite number?
True
Is 2722723 a composite number?
True
Is 148806745 composite?
True
Is 151730023 composite?
True
Is 3675011 a composite number?
False
Is 41402441 a prime number?
False
Is 1148747 a prime number?
True
Is 8705927 prime?
False
Is 108290051 prime?
False
Is 4698349 composite?
False
Is 3992257 prime?
True
Is 188259109 a composite number?
True
Is 3317869 a composite number?
False
Is 1935191 a prime number?
False
Is 28185043 a composite number?
True
Is 162649 a prime number?
True
Is 3512483 a prime number?
False
Is 6594659 a composite number?
False
Is 1147151 composite?
True
Is 2597191 prime?
True
Is 34616289 prime?
False
Is 87934783 a composite number?
False
Is 69163261 composite?
False
Is 555369 prime?
False
Is 153875879 a prime number?
True
Is 16965811 prime?
True
Is 966613 a composite number?
False
Is 37479707 a prime number?
False
Is 314953 prime?
True
Is 1428191 a composite number?
True
Is 61863457 a composite number?
False
Is 462683 a composite number?
True
Is 32770666 a composite number?
True
Is 1661969 a prime number?
True
Is 21308429 a composite number?
True
Is 361247903 a prime number?
True
Is 27817437 composite?
True
Is 141859 composite?
True
Is 5762557 composite?
False
Is 184420387 prime?
True
Is 162582907 prime?
True
Is 3373961 a prime number?
True
Is 340763 composite?
True
Is 3981953 composite?
False
Is 136217 prime?
True
Is 2542043 composite?
True
Is 363707 composite?
True
Is 31221703 prime?
True
Is 181219 prime?
True
Is 6492683 a prime number?
True
Is 14122373 a prime number?
True
Is 128369327 prime?
True
Is 14689461 prime?
False
Is 73034123 a prime number?
True
Is 44801041 a composite number?
False
Is 30016949 prime?
True
Is 111544607 a prime number?
True
Is 267788903 a prime number?
True
Is 16452419 prime?
False
Is 2338183 a composite number?
True
Is 771565 prime?
False
Is 64625711 a composite number?
False
Is 29903917 a composite number?
False
Is 152583295 composite?
True
Is 6908687 a composite number?
False
Is 10419503 prime?
False
Is 11605819 a prime number?
False
Is 236851343 prime?
False
Is 3571333 prime?
True
Is 4284689 prime?
False
Is 724091 a prime number?
False
Is 260639111 a composite number?
True
Is 486543737 a prime number?
False
Is 233869 prime?
False
Is 1937647 a prime number?
False
Is 61853291 prime?
False
Is 83793503 a prime number?
True
Is 6977977 prime?
False
Is 75744923 prime?
True
Is 30305491 prime?
True
Is 15738341 a prime number?
True
Is 20458598 composite?
True
Is 997666 prime?
False
Is 54797483 a composite number?
True
Is 1233829 a composite number?
True
Is 26652499 composite?
False
Is 734777 prime?
False
Is 86025281 a prime number?
False
Is 1710061 a prime number?
True
Is 13383185 a composite number?
True
Is 1423843 a prime number?
True
Is 38331727 composite?
True
Is 54987573 composite?
True
Is 247651007 composite?
False
Is 125010301 composite?
True
Is 225566201 prime?
False
Is 3101009 composite?
True
Is 17741 prime?
False
Is 288757579 a prime number?
False
Is 8921791 a composite number?
False
Is 177302917 prime?
False
Is 90271747 composite?
False
Is 6637727 prime?
True
Is 5133421 a prime number?
False
Is 210169 prime?
True
Is 15481211 prime?
True
Is 6472057 composite?
True
Is 1146697 composite?
False
Is 1411481 prime?
True
Is 12167671 a prime number?
True
Is 267144679 prime?
False
Is 39252695 prime?
False
Is 13444967 a prime number?
True
Is 340984763 a prime number?
False
Is 643481 prime?
False
Is 1318841 a composite number?
False
Is 216288701 composite?
True
Is 1913492873 composite?
True
Is 35132467 a composite number?
True
Is 9263003 a prime number?
True
Is 3469429 a composite number?
True
Is 3119869 composite?
False
Is 1026473747 prime?
False
Is 167262157 prime?
True
Is 938470539 composite?
True
Is 379807171 prime?
False
Is 58672073 a composite number?
False
Is 9091661 prime?
False
Is 4533611 a composite number?
True
Is 3851387 composite?
False
Is 61543733 composite?
True
Is 6875515 composite?
True
Is 3692963 prime?
False
Is 2637509 composite?
True
Is 77661979 a composite number?
False
Is 16059193 composite?
True
Is 106933837 prime?
True
Is 26640517 a composite number?
True
Is 5500217 a prime number?
False
Is 13944985 prime?
False
Is 252756887 composite?
False
Is 32072867 a composite number?
False
Is 7153829 a prime number?
True
Is 9934949 a prime number?
False
Is 58650337 composite?
True
Is 128549 a prime number?
True
Is 717173 a prime number?
False
Is 2320427 composite?
False
Is 273362315 a composite number?
True
Is 